{"id":179,"date":"2024-06-12T15:24:28","date_gmt":"2024-06-12T13:24:28","guid":{"rendered":"https:\/\/fmcreart.fr\/?page_id=179"},"modified":"2025-08-16T11:57:39","modified_gmt":"2025-08-16T09:57:39","slug":"fmcreart-oeuvre-titane-reliance","status":"publish","type":"page","link":"https:\/\/fmcreart.fr\/index.php\/fmcreart-oeuvre-titane-reliance\/","title":{"rendered":"Reliance 2019"},"content":{"rendered":"\t\t<div data-elementor-type=\"wp-page\" data-elementor-id=\"179\" class=\"elementor elementor-179\">\n\t\t\t\t<div class=\"elementor-element elementor-element-23bbcf8 e-con-full e-flex e-con e-parent\" data-id=\"23bbcf8\" data-element_type=\"container\" data-e-type=\"container\">\n\t\t<div class=\"elementor-element elementor-element-ae0956c e-con-full e-flex e-con e-child\" data-id=\"ae0956c\" data-element_type=\"container\" data-e-type=\"container\">\n\t\t\t\t<div class=\"elementor-element elementor-element-6f7ae2a elementor-widget elementor-widget-heading\" data-id=\"6f7ae2a\" data-element_type=\"widget\" data-e-type=\"widget\" data-widget_type=\"heading.default\">\n\t\t\t\t<div class=\"elementor-widget-container\">\n\t\t\t\t\t<h1 class=\"elementor-heading-title elementor-size-default\">Reliance 2019<\/h1>\t\t\t\t<\/div>\n\t\t\t\t<\/div>\n\t\t\t\t<div class=\"elementor-element elementor-element-bef58a9 e-transform elementor-widget elementor-widget-image\" data-id=\"bef58a9\" data-element_type=\"widget\" data-e-type=\"widget\" data-settings=\"{&quot;_transform_scale_effect_mobile&quot;:{&quot;unit&quot;:&quot;px&quot;,&quot;size&quot;:1,&quot;sizes&quot;:[]},&quot;_transform_scale_effect&quot;:{&quot;unit&quot;:&quot;px&quot;,&quot;size&quot;:&quot;&quot;,&quot;sizes&quot;:[]},&quot;_transform_scale_effect_tablet&quot;:{&quot;unit&quot;:&quot;px&quot;,&quot;size&quot;:&quot;&quot;,&quot;sizes&quot;:[]}}\" data-widget_type=\"image.default\">\n\t\t\t\t<div class=\"elementor-widget-container\">\n\t\t\t\t\t\t\t\t\t\t\t\t\t\t\t<img fetchpriority=\"high\" decoding=\"async\" width=\"2048\" height=\"1360\" src=\"https:\/\/fmcreart.fr\/wp-content\/uploads\/2024\/09\/DSC_0308-2048x1360.jpg\" class=\"attachment-2048x2048 size-2048x2048 wp-image-574\" alt=\"\" srcset=\"https:\/\/fmcreart.fr\/wp-content\/uploads\/2024\/09\/DSC_0308-2048x1360.jpg 2048w, https:\/\/fmcreart.fr\/wp-content\/uploads\/2024\/09\/DSC_0308-300x199.jpg 300w, https:\/\/fmcreart.fr\/wp-content\/uploads\/2024\/09\/DSC_0308-644x428.jpg 644w, https:\/\/fmcreart.fr\/wp-content\/uploads\/2024\/09\/DSC_0308-768x510.jpg 768w, https:\/\/fmcreart.fr\/wp-content\/uploads\/2024\/09\/DSC_0308-1536x1020.jpg 1536w\" sizes=\"(max-width: 2048px) 100vw, 2048px\" \/>\t\t\t\t\t\t\t\t\t\t\t\t\t\t\t<\/div>\n\t\t\t\t<\/div>\n\t\t\t\t<\/div>\n\t\t<div class=\"elementor-element elementor-element-4cdab0f e-con-full e-flex e-con e-child\" data-id=\"4cdab0f\" data-element_type=\"container\" data-e-type=\"container\">\n\t\t\t\t<div class=\"elementor-element elementor-element-10f5e17 elementor-widget elementor-widget-heading\" data-id=\"10f5e17\" data-element_type=\"widget\" data-e-type=\"widget\" data-widget_type=\"heading.default\">\n\t\t\t\t<div class=\"elementor-widget-container\">\n\t\t\t\t\t<h2 class=\"elementor-heading-title elementor-size-default\">Description :<\/h2>\t\t\t\t<\/div>\n\t\t\t\t<\/div>\n\t\t\t\t<div class=\"elementor-element elementor-element-bdbdb4f elementor-widget elementor-widget-text-editor\" data-id=\"bdbdb4f\" data-element_type=\"widget\" data-e-type=\"widget\" data-widget_type=\"text-editor.default\">\n\t\t\t\t<div class=\"elementor-widget-container\">\n\t\t\t\t\t\t\t\t\t<p><i>FMcr\u00e9art \u2013 \u0152uvre Titane<\/i><i>\u00a0Reliance<\/i>\u00a0est une installation compos\u00e9e de six \u00e9l\u00e9ments distincts.<\/p><p>Au sommet, une graine de 46 cm de diam\u00e8tre en titane anodis\u00e9 vert printemps, associ\u00e9e \u00e0 de l&rsquo;aluminium bross\u00e9 et grav\u00e9 et du plexiglas, lib\u00e8re une particule de 28 cm de diam\u00e8tre, d&rsquo;un vert plus fonc\u00e9.<\/p><p>Cette particule sugg\u00e8re la diffusion de couleurs aux autres \u00e9l\u00e9ments de l&rsquo;\u0153uvre, dont le plus grand atteint 80 cm de diam\u00e8tre.<\/p><p>Le cycle chromatique se termine par une transition vers des teintes automnales sur un \u00e9l\u00e9ment de 51 cm de diam\u00e8tre.<\/p><p>Cette \u0153uvre a \u00e9t\u00e9 sp\u00e9cialement con\u00e7ue pour l&rsquo;exposition d&rsquo;art contemporain de la For\u00eat des C\u00e8dres \u00e0 Bonnieux, dans le Luberon, France.<\/p>\t\t\t\t\t\t\t\t<\/div>\n\t\t\t\t<\/div>\n\t\t\t\t<\/div>\n\t\t\t\t<\/div>\n\t\t<div class=\"elementor-element elementor-element-7838854 e-con-full e-flex e-con e-parent\" data-id=\"7838854\" data-element_type=\"container\" data-e-type=\"container\">\n\t\t<div class=\"elementor-element elementor-element-85e8be0 e-con-full e-flex e-con e-child\" data-id=\"85e8be0\" data-element_type=\"container\" data-e-type=\"container\">\n\t\t\t\t<div class=\"elementor-element elementor-element-4164ddf elementor-widget elementor-widget-heading\" data-id=\"4164ddf\" data-element_type=\"widget\" data-e-type=\"widget\" data-widget_type=\"heading.default\">\n\t\t\t\t<div class=\"elementor-widget-container\">\n\t\t\t\t\t<h2 class=\"elementor-heading-title elementor-size-default\">Interpr\u00e9tation :<\/h2>\t\t\t\t<\/div>\n\t\t\t\t<\/div>\n\t\t\t\t<div class=\"elementor-element elementor-element-2bcfe2f elementor-widget elementor-widget-text-editor\" data-id=\"2bcfe2f\" data-element_type=\"widget\" data-e-type=\"widget\" data-widget_type=\"text-editor.default\">\n\t\t\t\t<div class=\"elementor-widget-container\">\n\t\t\t\t\t\t\t\t\t<p>Cette \u0153uvre repr\u00e9sente la notion de\u00a0<i>\u00ab\u00a0reliance\u00a0\u00bb<\/i>\u00a0dans le cycle de la nature, qui fait r\u00e9f\u00e9rence \u00e0 l&rsquo;interconnexion et \u00e0 l&rsquo;interd\u00e9pendance des diff\u00e9rents \u00e9l\u00e9ments qui composent les \u00e9cosyst\u00e8mes et les cycles naturels.<\/p><p>Les \u00e9cosyst\u00e8mes sont des syst\u00e8mes complexes o\u00f9 les organismes vivants interagissent entre eux et avec leur environnement physique.<\/p><p>Chaque organisme d\u00e9pend des autres pour des ressources telles que la nourriture, l&rsquo;eau, l&rsquo;abri et la reproduction.<\/p><p>Dans la nature, de nombreux organismes \u00e9tablissent des relations symbiotiques ou coop\u00e9ratives pour leur survie.<\/p>\t\t\t\t\t\t\t\t<\/div>\n\t\t\t\t<\/div>\n\t\t\t\t<\/div>\n\t\t<div class=\"elementor-element elementor-element-678adc5 e-con-full e-flex e-con e-child\" data-id=\"678adc5\" data-element_type=\"container\" data-e-type=\"container\">\n\t\t\t\t<div class=\"elementor-element elementor-element-e8597aa elementor-widget elementor-widget-image\" data-id=\"e8597aa\" data-element_type=\"widget\" data-e-type=\"widget\" data-widget_type=\"image.default\">\n\t\t\t\t<div class=\"elementor-widget-container\">\n\t\t\t\t\t\t\t\t\t\t\t\t\t\t\t<img decoding=\"async\" width=\"2048\" height=\"1360\" src=\"https:\/\/fmcreart.fr\/wp-content\/uploads\/2024\/09\/DSC_0304-Copie-2048x1360.jpg\" class=\"attachment-2048x2048 size-2048x2048 wp-image-598\" alt=\"FMcr\u00e9art \u2013 \u0152uvre Titane Reliance\" srcset=\"https:\/\/fmcreart.fr\/wp-content\/uploads\/2024\/09\/DSC_0304-Copie-2048x1360.jpg 2048w, https:\/\/fmcreart.fr\/wp-content\/uploads\/2024\/09\/DSC_0304-Copie-300x199.jpg 300w, https:\/\/fmcreart.fr\/wp-content\/uploads\/2024\/09\/DSC_0304-Copie-644x428.jpg 644w, https:\/\/fmcreart.fr\/wp-content\/uploads\/2024\/09\/DSC_0304-Copie-768x510.jpg 768w, https:\/\/fmcreart.fr\/wp-content\/uploads\/2024\/09\/DSC_0304-Copie-1536x1020.jpg 1536w, https:\/\/fmcreart.fr\/wp-content\/uploads\/2024\/09\/DSC_0304-Copie-1320x877.jpg 1320w\" sizes=\"(max-width: 2048px) 100vw, 2048px\" \/>\t\t\t\t\t\t\t\t\t\t\t\t\t\t\t<\/div>\n\t\t\t\t<\/div>\n\t\t\t\t<\/div>\n\t\t\t\t<\/div>\n\t\t<div class=\"elementor-element elementor-element-05beae4 e-con-full e-flex e-con e-parent\" data-id=\"05beae4\" data-element_type=\"container\" data-e-type=\"container\">\n\t\t\t\t<div class=\"elementor-element elementor-element-f3a2f07 elementor-widget elementor-widget-heading\" data-id=\"f3a2f07\" data-element_type=\"widget\" data-e-type=\"widget\" data-widget_type=\"heading.default\">\n\t\t\t\t<div class=\"elementor-widget-container\">\n\t\t\t\t\t<h2 class=\"elementor-heading-title elementor-size-default\">Vid\u00e9o : FMcr\u00e9art \u2013 \u0152uvre Titane Reliance<\/h2>\t\t\t\t<\/div>\n\t\t\t\t<\/div>\n\t\t\t\t<div class=\"elementor-element elementor-element-06370b1 elementor-widget elementor-widget-text-editor\" data-id=\"06370b1\" data-element_type=\"widget\" data-e-type=\"widget\" data-widget_type=\"text-editor.default\">\n\t\t\t\t<div class=\"elementor-widget-container\">\n\t\t\t\t\t\t\t\t\t<p>\u00a0<a href=\"https:\/\/www.youtube.com\/@fabiennematur9368\">@fabiennematur9368<\/a><\/p>\t\t\t\t\t\t\t\t<\/div>\n\t\t\t\t<\/div>\n\t\t\t\t<\/div>\n\t\t<div class=\"elementor-element elementor-element-632c34c e-con-full e-flex e-con e-parent\" data-id=\"632c34c\" data-element_type=\"container\" data-e-type=\"container\">\n\t\t<div class=\"elementor-element elementor-element-312106a e-con-full e-flex e-con e-child\" data-id=\"312106a\" data-element_type=\"container\" data-e-type=\"container\">\n\t\t\t\t<div class=\"elementor-element elementor-element-e99147e elementor-widget elementor-widget-video\" data-id=\"e99147e\" data-element_type=\"widget\" data-e-type=\"widget\" data-settings=\"{&quot;youtube_url&quot;:&quot;https:\\\/\\\/www.youtube.com\\\/watch?v=XHOmBV4js_E&quot;,&quot;video_type&quot;:&quot;youtube&quot;,&quot;controls&quot;:&quot;yes&quot;}\" data-widget_type=\"video.default\">\n\t\t\t\t<div class=\"elementor-widget-container\">\n\t\t\t\t\t\t\t<div class=\"elementor-wrapper elementor-open-inline\">\n\t\t\t<div class=\"elementor-video\"><\/div>\t\t<\/div>\n\t\t\t\t\t\t<\/div>\n\t\t\t\t<\/div>\n\t\t\t\t<\/div>\n\t\t<div class=\"elementor-element elementor-element-2b1e78f e-con-full e-flex e-con e-child\" data-id=\"2b1e78f\" data-element_type=\"container\" data-e-type=\"container\">\n\t\t\t\t<\/div>\n\t\t\t\t<\/div>\n\t\t<div class=\"elementor-element elementor-element-d396560 e-con-full e-flex e-con e-parent\" data-id=\"d396560\" data-element_type=\"container\" data-e-type=\"container\">\n\t\t\t\t<div class=\"elementor-element elementor-element-0e3cad1 elementor-widget elementor-widget-text-editor\" data-id=\"0e3cad1\" data-element_type=\"widget\" data-e-type=\"widget\" data-widget_type=\"text-editor.default\">\n\t\t\t\t<div class=\"elementor-widget-container\">\n\t\t\t\t\t\t\t\t\t<p><a style=\"background-color: #081a69; transition-property: all;\" href=\"https:\/\/fmcreart.fr\/index.php\/fmcreart-oeuvres-titane-anodise-galerie\/\">Retour \u00e0 la Galerie FMcr\u00e9art pour explorer d\u2019autres cr\u00e9ations en titane.<\/a><\/p>\t\t\t\t\t\t\t\t<\/div>\n\t\t\t\t<\/div>\n\t\t\t\t<\/div>\n\t\t\t\t<\/div>\n\t\t","protected":false},"excerpt":{"rendered":"<p>Reliance 2019 Description : FMcr\u00e9art \u2013 \u0152uvre Titane\u00a0Reliance\u00a0est une installation compos\u00e9e de six \u00e9l\u00e9ments distincts. Au sommet, une graine de [&hellip;]<\/p>\n","protected":false},"author":3,"featured_media":0,"parent":0,"menu_order":0,"comment_status":"closed","ping_status":"closed","template":"","meta":{"site-sidebar-layout":"default","site-content-layout":"","ast-site-content-layout":"default","site-content-style":"default","site-sidebar-style":"default","ast-global-header-display":"","ast-banner-title-visibility":"","ast-main-header-display":"","ast-hfb-above-header-display":"","ast-hfb-below-header-display":"","ast-hfb-mobile-header-display":"","site-post-title":"disabled","ast-breadcrumbs-content":"","ast-featured-img":"","footer-sml-layout":"","theme-transparent-header-meta":"","adv-header-id-meta":"","stick-header-meta":"","header-above-stick-meta":"","header-main-stick-meta":"","header-below-stick-meta":"","astra-migrate-meta-layouts":"default","ast-page-background-enabled":"default","ast-page-background-meta":{"desktop":{"background-color":"var(--ast-global-color-4)","background-image":"","background-repeat":"repeat","background-position":"center center","background-size":"auto","background-attachment":"scroll","background-type":"","background-media":"","overlay-type":"","overlay-color":"","overlay-opacity":"","overlay-gradient":""},"tablet":{"background-color":"","background-image":"","background-repeat":"repeat","background-position":"center center","background-size":"auto","background-attachment":"scroll","background-type":"","background-media":"","overlay-type":"","overlay-color":"","overlay-opacity":"","overlay-gradient":""},"mobile":{"background-color":"","background-image":"","background-repeat":"repeat","background-position":"center center","background-size":"auto","background-attachment":"scroll","background-type":"","background-media":"","overlay-type":"","overlay-color":"","overlay-opacity":"","overlay-gradient":""}},"ast-content-background-meta":{"desktop":{"background-color":"var(--ast-global-color-5)","background-image":"","background-repeat":"repeat","background-position":"center center","background-size":"auto","background-attachment":"scroll","background-type":"","background-media":"","overlay-type":"","overlay-color":"","overlay-opacity":"","overlay-gradient":""},"tablet":{"background-color":"var(--ast-global-color-5)","background-image":"","background-repeat":"repeat","background-position":"center center","background-size":"auto","background-attachment":"scroll","background-type":"","background-media":"","overlay-type":"","overlay-color":"","overlay-opacity":"","overlay-gradient":""},"mobile":{"background-color":"var(--ast-global-color-5)","background-image":"","background-repeat":"repeat","background-position":"center center","background-size":"auto","background-attachment":"scroll","background-type":"","background-media":"","overlay-type":"","overlay-color":"","overlay-opacity":"","overlay-gradient":""}},"footnotes":""},"class_list":["post-179","page","type-page","status-publish","hentry"],"yoast_head":"<!-- This site is optimized with the Yoast SEO plugin v27.5 - https:\/\/yoast.com\/product\/yoast-seo-wordpress\/ -->\n<title>FMcr\u00e9art \u2013 \u0152uvre Titane Reliance<\/title>\n<meta name=\"description\" content=\"FMcr\u00e9art \u2013 \u0152uvre Titane Reliance\" \/>\n<meta name=\"robots\" content=\"index, follow, max-snippet:-1, max-image-preview:large, max-video-preview:-1\" \/>\n<link rel=\"canonical\" href=\"https:\/\/fmcreart.fr\/index.php\/fmcreart-oeuvre-titane-reliance\/\" \/>\n<meta property=\"og:locale\" content=\"fr_FR\" \/>\n<meta property=\"og:type\" content=\"article\" \/>\n<meta property=\"og:title\" content=\"FMcr\u00e9art \u2013 \u0152uvre Titane Reliance\" \/>\n<meta property=\"og:description\" content=\"FMcr\u00e9art \u2013 \u0152uvre Titane Reliance\" \/>\n<meta property=\"og:url\" content=\"https:\/\/fmcreart.fr\/index.php\/fmcreart-oeuvre-titane-reliance\/\" \/>\n<meta property=\"og:site_name\" content=\"FMcr\u00e9art\" \/>\n<meta property=\"article:modified_time\" content=\"2025-08-16T09:57:39+00:00\" \/>\n<meta property=\"og:image\" content=\"https:\/\/fmcreart.fr\/wp-content\/uploads\/2024\/09\/DSC_0308-scaled.jpg\" \/>\n\t<meta property=\"og:image:width\" content=\"2560\" \/>\n\t<meta property=\"og:image:height\" content=\"1700\" \/>\n\t<meta property=\"og:image:type\" content=\"image\/jpeg\" \/>\n<meta name=\"twitter:card\" content=\"summary_large_image\" \/>\n<meta name=\"twitter:label1\" content=\"Dur\u00e9e de lecture estim\u00e9e\" \/>\n\t<meta name=\"twitter:data1\" content=\"2 minutes\" \/>\n<script type=\"application\/ld+json\" class=\"yoast-schema-graph\">{\"@context\":\"https:\\\/\\\/schema.org\",\"@graph\":[{\"@type\":\"WebPage\",\"@id\":\"https:\\\/\\\/fmcreart.fr\\\/index.php\\\/fmcreart-oeuvre-titane-reliance\\\/\",\"url\":\"https:\\\/\\\/fmcreart.fr\\\/index.php\\\/fmcreart-oeuvre-titane-reliance\\\/\",\"name\":\"FMcr\u00e9art \u2013 \u0152uvre Titane Reliance\",\"isPartOf\":{\"@id\":\"https:\\\/\\\/fmcreart.fr\\\/#website\"},\"primaryImageOfPage\":{\"@id\":\"https:\\\/\\\/fmcreart.fr\\\/index.php\\\/fmcreart-oeuvre-titane-reliance\\\/#primaryimage\"},\"image\":{\"@id\":\"https:\\\/\\\/fmcreart.fr\\\/index.php\\\/fmcreart-oeuvre-titane-reliance\\\/#primaryimage\"},\"thumbnailUrl\":\"https:\\\/\\\/fmcreart.fr\\\/wp-content\\\/uploads\\\/2024\\\/09\\\/DSC_0308-2048x1360.jpg\",\"datePublished\":\"2024-06-12T13:24:28+00:00\",\"dateModified\":\"2025-08-16T09:57:39+00:00\",\"description\":\"FMcr\u00e9art \u2013 \u0152uvre Titane Reliance\",\"breadcrumb\":{\"@id\":\"https:\\\/\\\/fmcreart.fr\\\/index.php\\\/fmcreart-oeuvre-titane-reliance\\\/#breadcrumb\"},\"inLanguage\":\"fr-FR\",\"potentialAction\":[{\"@type\":\"ReadAction\",\"target\":[\"https:\\\/\\\/fmcreart.fr\\\/index.php\\\/fmcreart-oeuvre-titane-reliance\\\/\"]}]},{\"@type\":\"ImageObject\",\"inLanguage\":\"fr-FR\",\"@id\":\"https:\\\/\\\/fmcreart.fr\\\/index.php\\\/fmcreart-oeuvre-titane-reliance\\\/#primaryimage\",\"url\":\"https:\\\/\\\/fmcreart.fr\\\/wp-content\\\/uploads\\\/2024\\\/09\\\/DSC_0308-scaled.jpg\",\"contentUrl\":\"https:\\\/\\\/fmcreart.fr\\\/wp-content\\\/uploads\\\/2024\\\/09\\\/DSC_0308-scaled.jpg\",\"width\":2560,\"height\":1700},{\"@type\":\"BreadcrumbList\",\"@id\":\"https:\\\/\\\/fmcreart.fr\\\/index.php\\\/fmcreart-oeuvre-titane-reliance\\\/#breadcrumb\",\"itemListElement\":[{\"@type\":\"ListItem\",\"position\":1,\"name\":\"Accueil\",\"item\":\"https:\\\/\\\/fmcreart.fr\\\/\"},{\"@type\":\"ListItem\",\"position\":2,\"name\":\"Reliance 2019\"}]},{\"@type\":\"WebSite\",\"@id\":\"https:\\\/\\\/fmcreart.fr\\\/#website\",\"url\":\"https:\\\/\\\/fmcreart.fr\\\/\",\"name\":\"FMcr\u00e9art\",\"description\":\"Bienvenu dans mon univers\",\"publisher\":{\"@id\":\"https:\\\/\\\/fmcreart.fr\\\/#\\\/schema\\\/person\\\/fc3b8fadff9336a2e80bee0fb8275e60\"},\"alternateName\":\"FMcr\u00e9art\",\"potentialAction\":[{\"@type\":\"SearchAction\",\"target\":{\"@type\":\"EntryPoint\",\"urlTemplate\":\"https:\\\/\\\/fmcreart.fr\\\/?s={search_term_string}\"},\"query-input\":{\"@type\":\"PropertyValueSpecification\",\"valueRequired\":true,\"valueName\":\"search_term_string\"}}],\"inLanguage\":\"fr-FR\"},{\"@type\":[\"Person\",\"Organization\"],\"@id\":\"https:\\\/\\\/fmcreart.fr\\\/#\\\/schema\\\/person\\\/fc3b8fadff9336a2e80bee0fb8275e60\",\"name\":\"Fabienne Matur\",\"image\":{\"@type\":\"ImageObject\",\"inLanguage\":\"fr-FR\",\"@id\":\"https:\\\/\\\/fmcreart.fr\\\/wp-content\\\/uploads\\\/2024\\\/06\\\/cropped-Logo_Silver_Textured-120-2.png\",\"url\":\"https:\\\/\\\/fmcreart.fr\\\/wp-content\\\/uploads\\\/2024\\\/06\\\/cropped-Logo_Silver_Textured-120-2.png\",\"contentUrl\":\"https:\\\/\\\/fmcreart.fr\\\/wp-content\\\/uploads\\\/2024\\\/06\\\/cropped-Logo_Silver_Textured-120-2.png\",\"width\":120,\"height\":120,\"caption\":\"Fabienne Matur\"},\"logo\":{\"@id\":\"https:\\\/\\\/fmcreart.fr\\\/wp-content\\\/uploads\\\/2024\\\/06\\\/cropped-Logo_Silver_Textured-120-2.png\"},\"sameAs\":[\"https:\\\/\\\/www.fmcreart.fr\"]}]}<\/script>\n<!-- \/ Yoast SEO plugin. -->","yoast_head_json":{"title":"FMcr\u00e9art \u2013 \u0152uvre Titane Reliance","description":"FMcr\u00e9art \u2013 \u0152uvre Titane Reliance","robots":{"index":"index","follow":"follow","max-snippet":"max-snippet:-1","max-image-preview":"max-image-preview:large","max-video-preview":"max-video-preview:-1"},"canonical":"https:\/\/fmcreart.fr\/index.php\/fmcreart-oeuvre-titane-reliance\/","og_locale":"fr_FR","og_type":"article","og_title":"FMcr\u00e9art \u2013 \u0152uvre Titane Reliance","og_description":"FMcr\u00e9art \u2013 \u0152uvre Titane Reliance","og_url":"https:\/\/fmcreart.fr\/index.php\/fmcreart-oeuvre-titane-reliance\/","og_site_name":"FMcr\u00e9art","article_modified_time":"2025-08-16T09:57:39+00:00","og_image":[{"width":2560,"height":1700,"url":"https:\/\/fmcreart.fr\/wp-content\/uploads\/2024\/09\/DSC_0308-scaled.jpg","type":"image\/jpeg"}],"twitter_card":"summary_large_image","twitter_misc":{"Dur\u00e9e de lecture estim\u00e9e":"2 minutes"},"schema":{"@context":"https:\/\/schema.org","@graph":[{"@type":"WebPage","@id":"https:\/\/fmcreart.fr\/index.php\/fmcreart-oeuvre-titane-reliance\/","url":"https:\/\/fmcreart.fr\/index.php\/fmcreart-oeuvre-titane-reliance\/","name":"FMcr\u00e9art \u2013 \u0152uvre Titane Reliance","isPartOf":{"@id":"https:\/\/fmcreart.fr\/#website"},"primaryImageOfPage":{"@id":"https:\/\/fmcreart.fr\/index.php\/fmcreart-oeuvre-titane-reliance\/#primaryimage"},"image":{"@id":"https:\/\/fmcreart.fr\/index.php\/fmcreart-oeuvre-titane-reliance\/#primaryimage"},"thumbnailUrl":"https:\/\/fmcreart.fr\/wp-content\/uploads\/2024\/09\/DSC_0308-2048x1360.jpg","datePublished":"2024-06-12T13:24:28+00:00","dateModified":"2025-08-16T09:57:39+00:00","description":"FMcr\u00e9art \u2013 \u0152uvre Titane Reliance","breadcrumb":{"@id":"https:\/\/fmcreart.fr\/index.php\/fmcreart-oeuvre-titane-reliance\/#breadcrumb"},"inLanguage":"fr-FR","potentialAction":[{"@type":"ReadAction","target":["https:\/\/fmcreart.fr\/index.php\/fmcreart-oeuvre-titane-reliance\/"]}]},{"@type":"ImageObject","inLanguage":"fr-FR","@id":"https:\/\/fmcreart.fr\/index.php\/fmcreart-oeuvre-titane-reliance\/#primaryimage","url":"https:\/\/fmcreart.fr\/wp-content\/uploads\/2024\/09\/DSC_0308-scaled.jpg","contentUrl":"https:\/\/fmcreart.fr\/wp-content\/uploads\/2024\/09\/DSC_0308-scaled.jpg","width":2560,"height":1700},{"@type":"BreadcrumbList","@id":"https:\/\/fmcreart.fr\/index.php\/fmcreart-oeuvre-titane-reliance\/#breadcrumb","itemListElement":[{"@type":"ListItem","position":1,"name":"Accueil","item":"https:\/\/fmcreart.fr\/"},{"@type":"ListItem","position":2,"name":"Reliance 2019"}]},{"@type":"WebSite","@id":"https:\/\/fmcreart.fr\/#website","url":"https:\/\/fmcreart.fr\/","name":"FMcr\u00e9art","description":"Bienvenu dans mon univers","publisher":{"@id":"https:\/\/fmcreart.fr\/#\/schema\/person\/fc3b8fadff9336a2e80bee0fb8275e60"},"alternateName":"FMcr\u00e9art","potentialAction":[{"@type":"SearchAction","target":{"@type":"EntryPoint","urlTemplate":"https:\/\/fmcreart.fr\/?s={search_term_string}"},"query-input":{"@type":"PropertyValueSpecification","valueRequired":true,"valueName":"search_term_string"}}],"inLanguage":"fr-FR"},{"@type":["Person","Organization"],"@id":"https:\/\/fmcreart.fr\/#\/schema\/person\/fc3b8fadff9336a2e80bee0fb8275e60","name":"Fabienne Matur","image":{"@type":"ImageObject","inLanguage":"fr-FR","@id":"https:\/\/fmcreart.fr\/wp-content\/uploads\/2024\/06\/cropped-Logo_Silver_Textured-120-2.png","url":"https:\/\/fmcreart.fr\/wp-content\/uploads\/2024\/06\/cropped-Logo_Silver_Textured-120-2.png","contentUrl":"https:\/\/fmcreart.fr\/wp-content\/uploads\/2024\/06\/cropped-Logo_Silver_Textured-120-2.png","width":120,"height":120,"caption":"Fabienne Matur"},"logo":{"@id":"https:\/\/fmcreart.fr\/wp-content\/uploads\/2024\/06\/cropped-Logo_Silver_Textured-120-2.png"},"sameAs":["https:\/\/www.fmcreart.fr"]}]}},"_links":{"self":[{"href":"https:\/\/fmcreart.fr\/index.php\/wp-json\/wp\/v2\/pages\/179","targetHints":{"allow":["GET"]}}],"collection":[{"href":"https:\/\/fmcreart.fr\/index.php\/wp-json\/wp\/v2\/pages"}],"about":[{"href":"https:\/\/fmcreart.fr\/index.php\/wp-json\/wp\/v2\/types\/page"}],"author":[{"embeddable":true,"href":"https:\/\/fmcreart.fr\/index.php\/wp-json\/wp\/v2\/users\/3"}],"replies":[{"embeddable":true,"href":"https:\/\/fmcreart.fr\/index.php\/wp-json\/wp\/v2\/comments?post=179"}],"version-history":[{"count":233,"href":"https:\/\/fmcreart.fr\/index.php\/wp-json\/wp\/v2\/pages\/179\/revisions"}],"predecessor-version":[{"id":5783,"href":"https:\/\/fmcreart.fr\/index.php\/wp-json\/wp\/v2\/pages\/179\/revisions\/5783"}],"wp:attachment":[{"href":"https:\/\/fmcreart.fr\/index.php\/wp-json\/wp\/v2\/media?parent=179"}],"curies":[{"name":"wp","href":"https:\/\/api.w.org\/{rel}","templated":true}]}}