{"id":272,"date":"2024-06-12T16:58:12","date_gmt":"2024-06-12T14:58:12","guid":{"rendered":"https:\/\/fmcreart.fr\/?page_id=272"},"modified":"2025-08-16T15:53:26","modified_gmt":"2025-08-16T13:53:26","slug":"fmcreart-oeuvre-titane-gaia","status":"publish","type":"page","link":"https:\/\/fmcreart.fr\/index.php\/fmcreart-oeuvre-titane-gaia\/","title":{"rendered":"Ga\u00efa 2012"},"content":{"rendered":"\t\t<div data-elementor-type=\"wp-page\" data-elementor-id=\"272\" class=\"elementor elementor-272\">\n\t\t\t\t<div class=\"elementor-element elementor-element-efc91e5 e-con-full e-flex e-con e-parent\" data-id=\"efc91e5\" data-element_type=\"container\" data-e-type=\"container\">\n\t\t\t\t<div class=\"elementor-element elementor-element-2c724da elementor-widget elementor-widget-heading\" data-id=\"2c724da\" data-element_type=\"widget\" data-e-type=\"widget\" data-widget_type=\"heading.default\">\n\t\t\t\t<div class=\"elementor-widget-container\">\n\t\t\t\t\t<h1 class=\"elementor-heading-title elementor-size-default\">Ga\u00efa 2012<\/h1>\t\t\t\t<\/div>\n\t\t\t\t<\/div>\n\t\t\t\t<\/div>\n\t\t<div class=\"elementor-element elementor-element-8623d2d e-con-full e-flex e-con e-parent\" data-id=\"8623d2d\" data-element_type=\"container\" data-e-type=\"container\">\n\t\t<div class=\"elementor-element elementor-element-452e550 e-con-full e-flex e-con e-child\" data-id=\"452e550\" data-element_type=\"container\" data-e-type=\"container\">\n\t\t\t\t<div class=\"elementor-element elementor-element-9d669f3 elementor-widget elementor-widget-image\" data-id=\"9d669f3\" data-element_type=\"widget\" data-e-type=\"widget\" data-widget_type=\"image.default\">\n\t\t\t\t<div class=\"elementor-widget-container\">\n\t\t\t\t\t\t\t\t\t\t\t\t\t\t\t<img fetchpriority=\"high\" decoding=\"async\" width=\"2048\" height=\"1918\" src=\"https:\/\/fmcreart.fr\/wp-content\/uploads\/2024\/06\/Gaia-2048x1918.jpg\" class=\"attachment-2048x2048 size-2048x2048 wp-image-275\" alt=\"FMcr\u00e9art \u2013 \u0152uvre Titane Ga\u00efa\" srcset=\"https:\/\/fmcreart.fr\/wp-content\/uploads\/2024\/06\/Gaia-2048x1918.jpg 2048w, https:\/\/fmcreart.fr\/wp-content\/uploads\/2024\/06\/Gaia-300x281.jpg 300w, https:\/\/fmcreart.fr\/wp-content\/uploads\/2024\/06\/Gaia-644x603.jpg 644w, https:\/\/fmcreart.fr\/wp-content\/uploads\/2024\/06\/Gaia-768x719.jpg 768w, https:\/\/fmcreart.fr\/wp-content\/uploads\/2024\/06\/Gaia-1536x1439.jpg 1536w, https:\/\/fmcreart.fr\/wp-content\/uploads\/2024\/06\/Gaia-1320x1236.jpg 1320w\" sizes=\"(max-width: 2048px) 100vw, 2048px\" \/>\t\t\t\t\t\t\t\t\t\t\t\t\t\t\t<\/div>\n\t\t\t\t<\/div>\n\t\t\t\t<\/div>\n\t\t<div class=\"elementor-element elementor-element-4c9b908 e-con-full e-flex e-con e-child\" data-id=\"4c9b908\" data-element_type=\"container\" data-e-type=\"container\">\n\t\t\t\t<div class=\"elementor-element elementor-element-47d3192 elementor-widget elementor-widget-heading\" data-id=\"47d3192\" data-element_type=\"widget\" data-e-type=\"widget\" data-widget_type=\"heading.default\">\n\t\t\t\t<div class=\"elementor-widget-container\">\n\t\t\t\t\t<h2 class=\"elementor-heading-title elementor-size-default\">Description : <\/h2>\t\t\t\t<\/div>\n\t\t\t\t<\/div>\n\t\t\t\t<div class=\"elementor-element elementor-element-7feb52b elementor-widget elementor-widget-text-editor\" data-id=\"7feb52b\" data-element_type=\"widget\" data-e-type=\"widget\" data-widget_type=\"text-editor.default\">\n\t\t\t\t<div class=\"elementor-widget-container\">\n\t\t\t\t\t\t\t\t\t<p data-start=\"122\" data-end=\"391\">FMcr\u00e9art \u2013 \u0152uvre Titane Ga\u00efa se pr\u00e9sente sous la forme d\u2019une plaque en aluminium bross\u00e9 de 100 cm de c\u00f4t\u00e9. En son centre, un carr\u00e9 de Plexiglas sabl\u00e9 blanc et translucide de 80 cm apporte douceur et contraste. Il diffuse la lumi\u00e8re avec d\u00e9licatesse.<\/p><p data-start=\"393\" data-end=\"625\">Au c\u0153ur de cette composition, des formes en titane anodis\u00e9 aux nuances superpos\u00e9es de vert et de dor\u00e9 sont dispos\u00e9es en cercle. Leurs reflets changent selon l\u2019angle de vue, cr\u00e9ant un effet vibrant et dynamique qui capte le regard.<\/p><p data-start=\"627\" data-end=\"930\">Autour du cercle central, un anneau form\u00e9 de morceaux d\u2019aluminium bross\u00e9 et textur\u00e9 entoure la composition. Le contraste entre la teinte argent\u00e9e et uniforme de l\u2019aluminium et les nuances vertes et dor\u00e9es du titane souligne la richesse chromatique de l\u2019\u0153uvre. Il renforce aussi sa profondeur visuelle.<\/p><p data-start=\"932\" data-end=\"1214\">Pr\u00e8s du centre, un point lumineux attire l\u2019\u0153il. Il est constitu\u00e9 de fibres synth\u00e9tiques vert-jaune, \u00e9pousant le c\u0153ur des perles de cristal de roche. Ces \u00e9l\u00e9ments diffusent une lueur douce, semblable \u00e0 celle de lucioles suspendues dans l\u2019air, insufflant \u00e0 l\u2019ensemble un \u00e9clat vivant.<\/p><p data-start=\"519\" data-end=\"721\">\u00a0<\/p>\t\t\t\t\t\t\t\t<\/div>\n\t\t\t\t<\/div>\n\t\t\t\t<\/div>\n\t\t\t\t<\/div>\n\t\t<div class=\"elementor-element elementor-element-89d5a7f e-con-full e-flex e-con e-parent\" data-id=\"89d5a7f\" data-element_type=\"container\" data-e-type=\"container\">\n\t\t<div class=\"elementor-element elementor-element-3c69eec e-con-full e-flex e-con e-child\" data-id=\"3c69eec\" data-element_type=\"container\" data-e-type=\"container\">\n\t\t\t\t<div class=\"elementor-element elementor-element-092f915 elementor-widget__width-initial elementor-widget elementor-widget-heading\" data-id=\"092f915\" data-element_type=\"widget\" data-e-type=\"widget\" data-widget_type=\"heading.default\">\n\t\t\t\t<div class=\"elementor-widget-container\">\n\t\t\t\t\t<h2 class=\"elementor-heading-title elementor-size-default\">Interpr\u00e9tation : <\/h2>\t\t\t\t<\/div>\n\t\t\t\t<\/div>\n\t\t\t\t<div class=\"elementor-element elementor-element-43bfecb elementor-widget elementor-widget-text-editor\" data-id=\"43bfecb\" data-element_type=\"widget\" data-e-type=\"widget\" data-widget_type=\"text-editor.default\">\n\t\t\t\t<div class=\"elementor-widget-container\">\n\t\t\t\t\t\t\t\t\t<p>Cette cr\u00e9ation artistique c\u00e9l\u00e8bre la beaut\u00e9 et la vitalit\u00e9 de la nature. Elle met en lumi\u00e8re la mani\u00e8re dont le soleil interagit avec le feuillage, r\u00e9v\u00e9lant ses couleurs et ses textures cach\u00e9es.<\/p><p data-start=\"1527\" data-end=\"1831\">Le cercle en titane vert \u00e9voque le zoom de mon appareil photo. Il capture un instant furtif : celui o\u00f9 la lumi\u00e8re filtre \u00e0 travers les feuilles pour en d\u00e9voiler les d\u00e9tails invisibles. Les nuances de vert et de dor\u00e9 rappellent la richesse chromatique de la nature, changeante au fil des heures et des saisons.<\/p><p>Enfin, les \u00e9l\u00e9ments lumineux incarnent cette lumi\u00e8re qui relie la mati\u00e8re terrestre aux forces cosmiques. Ils symbolisent l\u2019\u00e9veil des \u00e9nergies naturelles sous l\u2019influence de la lumi\u00e8re et invitent \u00e0 contempler la puissance subtile qui anime notre environnement.<\/p><p data-start=\"1019\" data-end=\"1235\">\u00a0<\/p>\t\t\t\t\t\t\t\t<\/div>\n\t\t\t\t<\/div>\n\t\t\t\t<\/div>\n\t\t<div class=\"elementor-element elementor-element-b028eaa e-con-full e-flex e-con e-child\" data-id=\"b028eaa\" data-element_type=\"container\" data-e-type=\"container\">\n\t\t\t\t<div class=\"elementor-element elementor-element-e9adbf4 elementor-widget__width-inherit elementor-widget elementor-widget-image\" data-id=\"e9adbf4\" data-element_type=\"widget\" data-e-type=\"widget\" data-widget_type=\"image.default\">\n\t\t\t\t<div class=\"elementor-widget-container\">\n\t\t\t\t\t\t\t\t\t\t\t\t\t\t\t<img decoding=\"async\" width=\"2048\" height=\"1360\" src=\"https:\/\/fmcreart.fr\/wp-content\/uploads\/2024\/06\/DSC_0027-2048x1360.jpg\" class=\"attachment-2048x2048 size-2048x2048 wp-image-90\" alt=\"FMcr\u00e9art \u2013 \u0152uvre Titane Ga\u00efa, d\u00e9tail nuances de vert\" srcset=\"https:\/\/fmcreart.fr\/wp-content\/uploads\/2024\/06\/DSC_0027-2048x1360.jpg 2048w, https:\/\/fmcreart.fr\/wp-content\/uploads\/2024\/06\/DSC_0027-300x199.jpg 300w, https:\/\/fmcreart.fr\/wp-content\/uploads\/2024\/06\/DSC_0027-644x428.jpg 644w, https:\/\/fmcreart.fr\/wp-content\/uploads\/2024\/06\/DSC_0027-768x510.jpg 768w, https:\/\/fmcreart.fr\/wp-content\/uploads\/2024\/06\/DSC_0027-1536x1020.jpg 1536w, https:\/\/fmcreart.fr\/wp-content\/uploads\/2024\/06\/DSC_0027-1320x877.jpg 1320w\" sizes=\"(max-width: 2048px) 100vw, 2048px\" \/>\t\t\t\t\t\t\t\t\t\t\t\t\t\t\t<\/div>\n\t\t\t\t<\/div>\n\t\t\t\t<\/div>\n\t\t\t\t<\/div>\n\t\t<div class=\"elementor-element elementor-element-93c1dfe e-con-full e-flex e-con e-parent\" data-id=\"93c1dfe\" data-element_type=\"container\" data-e-type=\"container\">\n\t\t\t\t<div class=\"elementor-element elementor-element-b68eb2b elementor-widget__width-initial elementor-widget elementor-widget-image\" data-id=\"b68eb2b\" data-element_type=\"widget\" data-e-type=\"widget\" data-widget_type=\"image.default\">\n\t\t\t\t<div class=\"elementor-widget-container\">\n\t\t\t\t\t\t\t\t\t\t\t\t\t\t\t<img decoding=\"async\" width=\"2048\" height=\"1357\" src=\"https:\/\/fmcreart.fr\/wp-content\/uploads\/2024\/09\/20191010_100047-2048x1357.jpg\" class=\"attachment-2048x2048 size-2048x2048 wp-image-539\" alt=\"FMcr\u00e9art \u2013 \u0152uvre Titane Ga\u00efa, gros plan perles de cristal\" srcset=\"https:\/\/fmcreart.fr\/wp-content\/uploads\/2024\/09\/20191010_100047-2048x1357.jpg 2048w, https:\/\/fmcreart.fr\/wp-content\/uploads\/2024\/09\/20191010_100047-300x199.jpg 300w, https:\/\/fmcreart.fr\/wp-content\/uploads\/2024\/09\/20191010_100047-644x427.jpg 644w, https:\/\/fmcreart.fr\/wp-content\/uploads\/2024\/09\/20191010_100047-768x509.jpg 768w, https:\/\/fmcreart.fr\/wp-content\/uploads\/2024\/09\/20191010_100047-1536x1018.jpg 1536w, https:\/\/fmcreart.fr\/wp-content\/uploads\/2024\/09\/20191010_100047-1320x875.jpg 1320w\" sizes=\"(max-width: 2048px) 100vw, 2048px\" \/>\t\t\t\t\t\t\t\t\t\t\t\t\t\t\t<\/div>\n\t\t\t\t<\/div>\n\t\t\t\t<\/div>\n\t\t<div class=\"elementor-element elementor-element-230f5c6 e-con-full e-flex e-con e-parent\" data-id=\"230f5c6\" data-element_type=\"container\" data-e-type=\"container\">\n\t\t\t\t<div class=\"elementor-element elementor-element-2146fcd elementor-widget elementor-widget-heading\" data-id=\"2146fcd\" data-element_type=\"widget\" data-e-type=\"widget\" data-widget_type=\"heading.default\">\n\t\t\t\t<div class=\"elementor-widget-container\">\n\t\t\t\t\t<h2 class=\"elementor-heading-title elementor-size-default\">Vid\u00e9o : FMcr\u00e9art \u2013 \u0152uvre Titane Ga\u00efa<\/h2>\t\t\t\t<\/div>\n\t\t\t\t<\/div>\n\t\t\t\t<div class=\"elementor-element elementor-element-c6e7e48 elementor-widget-mobile__width-inherit elementor-widget elementor-widget-text-editor\" data-id=\"c6e7e48\" data-element_type=\"widget\" data-e-type=\"widget\" data-widget_type=\"text-editor.default\">\n\t\t\t\t<div class=\"elementor-widget-container\">\n\t\t\t\t\t\t\t\t\t<p><a href=\"https:\/\/www.youtube.com\/@fabiennematur9368\">@fabiennematur9368<\/a><\/p><div>\u00a0<\/div>\t\t\t\t\t\t\t\t<\/div>\n\t\t\t\t<\/div>\n\t\t\t\t<\/div>\n\t\t<div class=\"elementor-element elementor-element-5fe9db0 e-con-full e-flex e-con e-parent\" data-id=\"5fe9db0\" data-element_type=\"container\" data-e-type=\"container\">\n\t\t<div class=\"elementor-element elementor-element-3c6a5af e-con-full e-flex e-con e-child\" data-id=\"3c6a5af\" data-element_type=\"container\" data-e-type=\"container\">\n\t\t\t\t<div class=\"elementor-element elementor-element-b2c8075 elementor-widget elementor-widget-video\" data-id=\"b2c8075\" data-element_type=\"widget\" data-e-type=\"widget\" data-settings=\"{&quot;youtube_url&quot;:&quot;https:\\\/\\\/youtu.be\\\/rnIOs5SkEKY&quot;,&quot;video_type&quot;:&quot;youtube&quot;,&quot;controls&quot;:&quot;yes&quot;}\" data-widget_type=\"video.default\">\n\t\t\t\t<div class=\"elementor-widget-container\">\n\t\t\t\t\t\t\t<div class=\"elementor-wrapper elementor-open-inline\">\n\t\t\t<div class=\"elementor-video\"><\/div>\t\t<\/div>\n\t\t\t\t\t\t<\/div>\n\t\t\t\t<\/div>\n\t\t\t\t<\/div>\n\t\t<div class=\"elementor-element elementor-element-49f28a5 e-con-full e-flex e-con e-child\" data-id=\"49f28a5\" data-element_type=\"container\" data-e-type=\"container\">\n\t\t\t\t<\/div>\n\t\t\t\t<\/div>\n\t\t<div class=\"elementor-element elementor-element-9a00f1e e-con-full e-flex e-con e-parent\" data-id=\"9a00f1e\" data-element_type=\"container\" data-e-type=\"container\">\n\t\t\t\t<div class=\"elementor-element elementor-element-97f6698 elementor-widget elementor-widget-text-editor\" data-id=\"97f6698\" data-element_type=\"widget\" data-e-type=\"widget\" data-widget_type=\"text-editor.default\">\n\t\t\t\t<div class=\"elementor-widget-container\">\n\t\t\t\t\t\t\t\t\t<p><a href=\"https:\/\/fmcreart.fr\/index.php\/fmcreart-oeuvres-titane-anodise-galerie\/\">Retour \u00e0 la Galerie FMcr\u00e9art pour explorer d\u2019autres cr\u00e9ations en titane.<\/a><span style=\"font-size: 24px; font-style: inherit;\">\u00a0<\/span><\/p>\t\t\t\t\t\t\t\t<\/div>\n\t\t\t\t<\/div>\n\t\t\t\t<\/div>\n\t\t\t\t<\/div>\n\t\t","protected":false},"excerpt":{"rendered":"<p>Ga\u00efa 2012 Description : FMcr\u00e9art \u2013 \u0152uvre Titane Ga\u00efa se pr\u00e9sente sous la forme d\u2019une plaque en aluminium bross\u00e9 de [&hellip;]<\/p>\n","protected":false},"author":3,"featured_media":0,"parent":0,"menu_order":0,"comment_status":"closed","ping_status":"closed","template":"","meta":{"site-sidebar-layout":"default","site-content-layout":"","ast-site-content-layout":"default","site-content-style":"default","site-sidebar-style":"default","ast-global-header-display":"","ast-banner-title-visibility":"","ast-main-header-display":"","ast-hfb-above-header-display":"","ast-hfb-below-header-display":"","ast-hfb-mobile-header-display":"","site-post-title":"","ast-breadcrumbs-content":"","ast-featured-img":"","footer-sml-layout":"","theme-transparent-header-meta":"","adv-header-id-meta":"","stick-header-meta":"","header-above-stick-meta":"","header-main-stick-meta":"","header-below-stick-meta":"","astra-migrate-meta-layouts":"default","ast-page-background-enabled":"default","ast-page-background-meta":{"desktop":{"background-color":"var(--ast-global-color-4)","background-image":"","background-repeat":"repeat","background-position":"center center","background-size":"auto","background-attachment":"scroll","background-type":"","background-media":"","overlay-type":"","overlay-color":"","overlay-opacity":"","overlay-gradient":""},"tablet":{"background-color":"","background-image":"","background-repeat":"repeat","background-position":"center center","background-size":"auto","background-attachment":"scroll","background-type":"","background-media":"","overlay-type":"","overlay-color":"","overlay-opacity":"","overlay-gradient":""},"mobile":{"background-color":"","background-image":"","background-repeat":"repeat","background-position":"center center","background-size":"auto","background-attachment":"scroll","background-type":"","background-media":"","overlay-type":"","overlay-color":"","overlay-opacity":"","overlay-gradient":""}},"ast-content-background-meta":{"desktop":{"background-color":"var(--ast-global-color-5)","background-image":"","background-repeat":"repeat","background-position":"center center","background-size":"auto","background-attachment":"scroll","background-type":"","background-media":"","overlay-type":"","overlay-color":"","overlay-opacity":"","overlay-gradient":""},"tablet":{"background-color":"var(--ast-global-color-5)","background-image":"","background-repeat":"repeat","background-position":"center center","background-size":"auto","background-attachment":"scroll","background-type":"","background-media":"","overlay-type":"","overlay-color":"","overlay-opacity":"","overlay-gradient":""},"mobile":{"background-color":"var(--ast-global-color-5)","background-image":"","background-repeat":"repeat","background-position":"center center","background-size":"auto","background-attachment":"scroll","background-type":"","background-media":"","overlay-type":"","overlay-color":"","overlay-opacity":"","overlay-gradient":""}},"footnotes":""},"class_list":["post-272","page","type-page","status-publish","hentry"],"yoast_head":"<!-- This site is optimized with the Yoast SEO plugin v27.5 - https:\/\/yoast.com\/product\/yoast-seo-wordpress\/ -->\n<title>FMcr\u00e9art \u2013 \u0152uvre Titane Ga\u00efa<\/title>\n<meta name=\"description\" content=\"Ga\u00efa explore la beaut\u00e9 de la nature. Elle souligne la fa\u00e7on dont la lumi\u00e8re du soleil interagit subtilement avec le feuillage des arbres.\" \/>\n<meta name=\"robots\" content=\"index, follow, max-snippet:-1, max-image-preview:large, max-video-preview:-1\" \/>\n<link rel=\"canonical\" href=\"https:\/\/fmcreart.fr\/index.php\/fmcreart-oeuvre-titane-gaia\/\" \/>\n<meta property=\"og:locale\" content=\"fr_FR\" \/>\n<meta property=\"og:type\" content=\"article\" \/>\n<meta property=\"og:title\" content=\"FMcr\u00e9art \u2013 \u0152uvre Titane Ga\u00efa\" \/>\n<meta property=\"og:description\" content=\"Ga\u00efa explore la beaut\u00e9 de la nature. Elle souligne la fa\u00e7on dont la lumi\u00e8re du soleil interagit subtilement avec le feuillage des arbres.\" \/>\n<meta property=\"og:url\" content=\"https:\/\/fmcreart.fr\/index.php\/fmcreart-oeuvre-titane-gaia\/\" \/>\n<meta property=\"og:site_name\" content=\"FMcr\u00e9art\" \/>\n<meta property=\"article:modified_time\" content=\"2025-08-16T13:53:26+00:00\" \/>\n<meta property=\"og:image\" content=\"https:\/\/fmcreart.fr\/wp-content\/uploads\/2024\/06\/Gaia-scaled.jpg\" \/>\n\t<meta property=\"og:image:width\" content=\"2560\" \/>\n\t<meta property=\"og:image:height\" content=\"2398\" \/>\n\t<meta property=\"og:image:type\" content=\"image\/jpeg\" \/>\n<meta name=\"twitter:card\" content=\"summary_large_image\" \/>\n<meta name=\"twitter:label1\" content=\"Dur\u00e9e de lecture estim\u00e9e\" \/>\n\t<meta name=\"twitter:data1\" content=\"3 minutes\" \/>\n<script type=\"application\/ld+json\" class=\"yoast-schema-graph\">{\"@context\":\"https:\\\/\\\/schema.org\",\"@graph\":[{\"@type\":\"WebPage\",\"@id\":\"https:\\\/\\\/fmcreart.fr\\\/index.php\\\/fmcreart-oeuvre-titane-gaia\\\/\",\"url\":\"https:\\\/\\\/fmcreart.fr\\\/index.php\\\/fmcreart-oeuvre-titane-gaia\\\/\",\"name\":\"FMcr\u00e9art \u2013 \u0152uvre Titane Ga\u00efa\",\"isPartOf\":{\"@id\":\"https:\\\/\\\/fmcreart.fr\\\/#website\"},\"primaryImageOfPage\":{\"@id\":\"https:\\\/\\\/fmcreart.fr\\\/index.php\\\/fmcreart-oeuvre-titane-gaia\\\/#primaryimage\"},\"image\":{\"@id\":\"https:\\\/\\\/fmcreart.fr\\\/index.php\\\/fmcreart-oeuvre-titane-gaia\\\/#primaryimage\"},\"thumbnailUrl\":\"https:\\\/\\\/fmcreart.fr\\\/wp-content\\\/uploads\\\/2024\\\/06\\\/Gaia-2048x1918.jpg\",\"datePublished\":\"2024-06-12T14:58:12+00:00\",\"dateModified\":\"2025-08-16T13:53:26+00:00\",\"description\":\"Ga\u00efa explore la beaut\u00e9 de la nature. Elle souligne la fa\u00e7on dont la lumi\u00e8re du soleil interagit subtilement avec le feuillage des arbres.\",\"breadcrumb\":{\"@id\":\"https:\\\/\\\/fmcreart.fr\\\/index.php\\\/fmcreart-oeuvre-titane-gaia\\\/#breadcrumb\"},\"inLanguage\":\"fr-FR\",\"potentialAction\":[{\"@type\":\"ReadAction\",\"target\":[\"https:\\\/\\\/fmcreart.fr\\\/index.php\\\/fmcreart-oeuvre-titane-gaia\\\/\"]}]},{\"@type\":\"ImageObject\",\"inLanguage\":\"fr-FR\",\"@id\":\"https:\\\/\\\/fmcreart.fr\\\/index.php\\\/fmcreart-oeuvre-titane-gaia\\\/#primaryimage\",\"url\":\"https:\\\/\\\/fmcreart.fr\\\/wp-content\\\/uploads\\\/2024\\\/06\\\/Gaia-scaled.jpg\",\"contentUrl\":\"https:\\\/\\\/fmcreart.fr\\\/wp-content\\\/uploads\\\/2024\\\/06\\\/Gaia-scaled.jpg\",\"width\":2560,\"height\":2398,\"caption\":\"Ga\u00efa\"},{\"@type\":\"BreadcrumbList\",\"@id\":\"https:\\\/\\\/fmcreart.fr\\\/index.php\\\/fmcreart-oeuvre-titane-gaia\\\/#breadcrumb\",\"itemListElement\":[{\"@type\":\"ListItem\",\"position\":1,\"name\":\"Accueil\",\"item\":\"https:\\\/\\\/fmcreart.fr\\\/\"},{\"@type\":\"ListItem\",\"position\":2,\"name\":\"Ga\u00efa 2012\"}]},{\"@type\":\"WebSite\",\"@id\":\"https:\\\/\\\/fmcreart.fr\\\/#website\",\"url\":\"https:\\\/\\\/fmcreart.fr\\\/\",\"name\":\"FMcr\u00e9art\",\"description\":\"Bienvenu dans mon univers\",\"publisher\":{\"@id\":\"https:\\\/\\\/fmcreart.fr\\\/#\\\/schema\\\/person\\\/fc3b8fadff9336a2e80bee0fb8275e60\"},\"alternateName\":\"FMcr\u00e9art\",\"potentialAction\":[{\"@type\":\"SearchAction\",\"target\":{\"@type\":\"EntryPoint\",\"urlTemplate\":\"https:\\\/\\\/fmcreart.fr\\\/?s={search_term_string}\"},\"query-input\":{\"@type\":\"PropertyValueSpecification\",\"valueRequired\":true,\"valueName\":\"search_term_string\"}}],\"inLanguage\":\"fr-FR\"},{\"@type\":[\"Person\",\"Organization\"],\"@id\":\"https:\\\/\\\/fmcreart.fr\\\/#\\\/schema\\\/person\\\/fc3b8fadff9336a2e80bee0fb8275e60\",\"name\":\"Fabienne Matur\",\"image\":{\"@type\":\"ImageObject\",\"inLanguage\":\"fr-FR\",\"@id\":\"https:\\\/\\\/fmcreart.fr\\\/wp-content\\\/uploads\\\/2024\\\/06\\\/cropped-Logo_Silver_Textured-120-2.png\",\"url\":\"https:\\\/\\\/fmcreart.fr\\\/wp-content\\\/uploads\\\/2024\\\/06\\\/cropped-Logo_Silver_Textured-120-2.png\",\"contentUrl\":\"https:\\\/\\\/fmcreart.fr\\\/wp-content\\\/uploads\\\/2024\\\/06\\\/cropped-Logo_Silver_Textured-120-2.png\",\"width\":120,\"height\":120,\"caption\":\"Fabienne Matur\"},\"logo\":{\"@id\":\"https:\\\/\\\/fmcreart.fr\\\/wp-content\\\/uploads\\\/2024\\\/06\\\/cropped-Logo_Silver_Textured-120-2.png\"},\"sameAs\":[\"https:\\\/\\\/www.fmcreart.fr\"]}]}<\/script>\n<!-- \/ Yoast SEO plugin. -->","yoast_head_json":{"title":"FMcr\u00e9art \u2013 \u0152uvre Titane Ga\u00efa","description":"Ga\u00efa explore la beaut\u00e9 de la nature. Elle souligne la fa\u00e7on dont la lumi\u00e8re du soleil interagit subtilement avec le feuillage des arbres.","robots":{"index":"index","follow":"follow","max-snippet":"max-snippet:-1","max-image-preview":"max-image-preview:large","max-video-preview":"max-video-preview:-1"},"canonical":"https:\/\/fmcreart.fr\/index.php\/fmcreart-oeuvre-titane-gaia\/","og_locale":"fr_FR","og_type":"article","og_title":"FMcr\u00e9art \u2013 \u0152uvre Titane Ga\u00efa","og_description":"Ga\u00efa explore la beaut\u00e9 de la nature. Elle souligne la fa\u00e7on dont la lumi\u00e8re du soleil interagit subtilement avec le feuillage des arbres.","og_url":"https:\/\/fmcreart.fr\/index.php\/fmcreart-oeuvre-titane-gaia\/","og_site_name":"FMcr\u00e9art","article_modified_time":"2025-08-16T13:53:26+00:00","og_image":[{"width":2560,"height":2398,"url":"https:\/\/fmcreart.fr\/wp-content\/uploads\/2024\/06\/Gaia-scaled.jpg","type":"image\/jpeg"}],"twitter_card":"summary_large_image","twitter_misc":{"Dur\u00e9e de lecture estim\u00e9e":"3 minutes"},"schema":{"@context":"https:\/\/schema.org","@graph":[{"@type":"WebPage","@id":"https:\/\/fmcreart.fr\/index.php\/fmcreart-oeuvre-titane-gaia\/","url":"https:\/\/fmcreart.fr\/index.php\/fmcreart-oeuvre-titane-gaia\/","name":"FMcr\u00e9art \u2013 \u0152uvre Titane Ga\u00efa","isPartOf":{"@id":"https:\/\/fmcreart.fr\/#website"},"primaryImageOfPage":{"@id":"https:\/\/fmcreart.fr\/index.php\/fmcreart-oeuvre-titane-gaia\/#primaryimage"},"image":{"@id":"https:\/\/fmcreart.fr\/index.php\/fmcreart-oeuvre-titane-gaia\/#primaryimage"},"thumbnailUrl":"https:\/\/fmcreart.fr\/wp-content\/uploads\/2024\/06\/Gaia-2048x1918.jpg","datePublished":"2024-06-12T14:58:12+00:00","dateModified":"2025-08-16T13:53:26+00:00","description":"Ga\u00efa explore la beaut\u00e9 de la nature. Elle souligne la fa\u00e7on dont la lumi\u00e8re du soleil interagit subtilement avec le feuillage des arbres.","breadcrumb":{"@id":"https:\/\/fmcreart.fr\/index.php\/fmcreart-oeuvre-titane-gaia\/#breadcrumb"},"inLanguage":"fr-FR","potentialAction":[{"@type":"ReadAction","target":["https:\/\/fmcreart.fr\/index.php\/fmcreart-oeuvre-titane-gaia\/"]}]},{"@type":"ImageObject","inLanguage":"fr-FR","@id":"https:\/\/fmcreart.fr\/index.php\/fmcreart-oeuvre-titane-gaia\/#primaryimage","url":"https:\/\/fmcreart.fr\/wp-content\/uploads\/2024\/06\/Gaia-scaled.jpg","contentUrl":"https:\/\/fmcreart.fr\/wp-content\/uploads\/2024\/06\/Gaia-scaled.jpg","width":2560,"height":2398,"caption":"Ga\u00efa"},{"@type":"BreadcrumbList","@id":"https:\/\/fmcreart.fr\/index.php\/fmcreart-oeuvre-titane-gaia\/#breadcrumb","itemListElement":[{"@type":"ListItem","position":1,"name":"Accueil","item":"https:\/\/fmcreart.fr\/"},{"@type":"ListItem","position":2,"name":"Ga\u00efa 2012"}]},{"@type":"WebSite","@id":"https:\/\/fmcreart.fr\/#website","url":"https:\/\/fmcreart.fr\/","name":"FMcr\u00e9art","description":"Bienvenu dans mon univers","publisher":{"@id":"https:\/\/fmcreart.fr\/#\/schema\/person\/fc3b8fadff9336a2e80bee0fb8275e60"},"alternateName":"FMcr\u00e9art","potentialAction":[{"@type":"SearchAction","target":{"@type":"EntryPoint","urlTemplate":"https:\/\/fmcreart.fr\/?s={search_term_string}"},"query-input":{"@type":"PropertyValueSpecification","valueRequired":true,"valueName":"search_term_string"}}],"inLanguage":"fr-FR"},{"@type":["Person","Organization"],"@id":"https:\/\/fmcreart.fr\/#\/schema\/person\/fc3b8fadff9336a2e80bee0fb8275e60","name":"Fabienne Matur","image":{"@type":"ImageObject","inLanguage":"fr-FR","@id":"https:\/\/fmcreart.fr\/wp-content\/uploads\/2024\/06\/cropped-Logo_Silver_Textured-120-2.png","url":"https:\/\/fmcreart.fr\/wp-content\/uploads\/2024\/06\/cropped-Logo_Silver_Textured-120-2.png","contentUrl":"https:\/\/fmcreart.fr\/wp-content\/uploads\/2024\/06\/cropped-Logo_Silver_Textured-120-2.png","width":120,"height":120,"caption":"Fabienne Matur"},"logo":{"@id":"https:\/\/fmcreart.fr\/wp-content\/uploads\/2024\/06\/cropped-Logo_Silver_Textured-120-2.png"},"sameAs":["https:\/\/www.fmcreart.fr"]}]}},"_links":{"self":[{"href":"https:\/\/fmcreart.fr\/index.php\/wp-json\/wp\/v2\/pages\/272","targetHints":{"allow":["GET"]}}],"collection":[{"href":"https:\/\/fmcreart.fr\/index.php\/wp-json\/wp\/v2\/pages"}],"about":[{"href":"https:\/\/fmcreart.fr\/index.php\/wp-json\/wp\/v2\/types\/page"}],"author":[{"embeddable":true,"href":"https:\/\/fmcreart.fr\/index.php\/wp-json\/wp\/v2\/users\/3"}],"replies":[{"embeddable":true,"href":"https:\/\/fmcreart.fr\/index.php\/wp-json\/wp\/v2\/comments?post=272"}],"version-history":[{"count":390,"href":"https:\/\/fmcreart.fr\/index.php\/wp-json\/wp\/v2\/pages\/272\/revisions"}],"predecessor-version":[{"id":5819,"href":"https:\/\/fmcreart.fr\/index.php\/wp-json\/wp\/v2\/pages\/272\/revisions\/5819"}],"wp:attachment":[{"href":"https:\/\/fmcreart.fr\/index.php\/wp-json\/wp\/v2\/media?parent=272"}],"curies":[{"name":"wp","href":"https:\/\/api.w.org\/{rel}","templated":true}]}}